 42. Let n(f) = f**3 + 6*f**2 + 5. Determine n(v).
5
Let l(v) = 6*v**2 - 17*v + 4. Let o be (5 - (-11)/(-5)) + 12/60. Calculate l(o).
7
Let r(a) = 7 - 5 - 2*a + 18 + 0. Let d be r(6). Let i(b) = b**2 - 4*b - 11. Determine i(d).
21
Let t(p) = p**3 - p**2 - 3*p + 1. Let y(f) = f**2 + 14*f + 20. Let a be y(-15). Let s = a - -19. Let c = -52 + s. Determine t(c).
-1
Suppose 3*k - 15 = 0, 43*i - 10 = 38*i - 3*k. Let u(x) = 1 - 66*x + 66*x + 12*x**2. Determine u(i).
13
Let q(x) be the third derivative of x**5/60 + 11*x**3/6 - 20*x**2. Suppose -24 = 5*k + 6. Let b be 2/6*((k - -2) + 4). What is q(b)?
11
Suppose 81 - 99 = -3*o. Let n be ((-36)/o)/(-12)*(7 - 1). Let m(y) = -4*y**2 + 2*y + 2. Calculate m(n).
-28
Let n(l) = -l**3 - l**2 + l - 6. Suppose 14*q - 1529 + 535 = 0. Let u = -71 + q. Give n(u).
-6
Let q(u) = -6*u + 66. Let i = -26 + 39. Let w be q(i). Let y be (w/(-8))/((-6)/12). Let k(v) = 3*v**2 + 4*v + 2. Calculate k(y).
17
Let w = -536 + 551. Suppose -2*a = 3*k - w, 13 = -3*a + 3*k - 2. Let o(f) = -f**3 + f + 18. Determine o(a).
18
Let h(i) = i**3 + 3*i**2 - 2*i - 1. Let f be h(-3). Let a = f + -3. Let k(y) = -y**3 + 201174*y + 1 - 201172*y - 3*y**3 - 2*y**2 + 5*y**3. Give k(a).
5
Let n = 923 - 908. Let q(i) = -4 + 14*i**2 - i**3 + 7*i**2 + 0 - n*i**2. What is q(6)?
-4
Let u(p) = -4*p**2 - 6*p - 6. Let s(a) = -2*a**3 - 113*a**2 + 56*a - 62. Let y be s(-57). Let b be -9 + (8 - (y + 6)). What is u(b)?
-10
Let k(g) be the second derivative of g**5/10 - 25*g**4/4 + 6*g**3 + 29*g**2/2 - 4243*g. What is k(37)?
-8
Let m(z) = -z. Suppose 695 = 2*x + 3*x. Let f be 88/8 + 120 + -2. Let j = f - x. Determine m(j).
10
Let r(o) = -o + 23. Let k = -2819 - -2801. Give r(k).
41
Let l(u) be the third derivative of 1/2*u**3 + 1/24*u**4 + 0 + 3*u**2 + 0*u. Let i(c) = 15*c - 67. Let b be i(4). Calculate l(b).
-4
Let n(v) = -v**2 + 14*v - 10888006 + 12*v + 10887891. Determine n(6).
5
Let s(t) = t**2 + 2*t + 345. Let j be s(0). Let k = j - 351. Let f(o) = -o**2 - 7*o. Give f(k).
6
Let s(m) = m**3 + 12*m**2 + 10*m - 12. Let x(g) = -2*g**2 + 1 + 0*g**2 + 100*g - 81*g - 21. Let r be x(9). What is s(r)?
-1
Let h(i) = -i + 1. Let m(k) = 4*k - 3. Let x(s) be the first derivative of -s**2/2 + s - 18. Let t(j) = -m(j) - 3*x(j). Let o be t(-5). Determine h(o).
-4
Let o(a) = -5*a**2 - 8*a + 6. Let k(n) = n**2 - 1. Let x(l) = -4*k(l) - o(l). Suppose 0 = 5*z + 15, 6*d - 2*z = 3*d - 18. What is x(d)?
-2
Let k be 190/16 + (-263)/(-2104). Let h(y) = y**2 - 11*y - 12. Calculate h(k).
0
Let r = 23 + -34. Let f(o) = -2*o - 107. Let g(q) = 6*q + 297. Let i(j) = -11*f(j) - 4*g(j). What is i(r)?
11
Let f(h) = h**2 + 8*h - 13. Suppose 3*u = 2*n + 9, -8*n = -3*n + 5*u + 85. Determine f(n).
35
Let o(b) = -b**3 - 7*b**2 + 10*b + 6. Let p be (-9)/(45/(-50)) - 1. Suppose -104 = 22*s - p*s. Give o(s).
-10
Let k(n) = 10 - 3 + 409634*n - 409635*n. Give k(17).
-10
Let u(m) = -5*m + 1 - m + 3*m. Let f(c) = c - 8. Let l be f(6). Let o be (-13)/((-39)/l) - 10/(-6). Calculate u(o).
-2
Suppose -3*n + 18 = 5*b, 5*b - n = 4 + 10. Let m(x) = 0*x**3 + x - 3*x**3 + 15*x**b - 10*x**3 + 1. Suppose 0*r + 5 = -5*r. Give m(r).
-2
Let a(w) be the third derivative of -17*w + 1/12*w**4 - w**2 - 1/20*w**6 + 0 + 0*w**5 + 1/6*w**3. Determine a(-2).
45
Let b = -242 + 238. Let i(l) = -5*l**3 + 7*l**2 + 9*l + 3. Let t(x) = -4*x**3 + 5*x**2 + 8*x + 3. Let p(n) = b*t(n) + 3*i(n). Calculate p(-3).
-6
Let x(r) = r**3 - 8*r**2 - 3*r - 1. Let o(n) = 2*n**2 + 13*n + 38. Let u(f) = f**2 + 6*f + 19. Let a(j) = -6*o(j) + 11*u(j). Let m be a(-9). Determine x(m).
-25
Let d(v) be the first derivative of 85 - 2*v - 1/3*v**3 + 9/2*v**2. Determine d(10).
-12
Suppose 5*s + g = -g + 28, 0 = 5*s + 4*g - 26. Let x(h) = 10*h + 252. Let p be x(-25). Let t(a) = -2 + s - 2 - 2*a**p + 3*a. What is t(3)?
-7
Let d(u) = -2*u + 4. Suppose 0 = -2*c - 3 - 51. Let b = 27 + c. Let t be b/(-12) - -4*1. Determine d(t).
-4
Let d(i) be the first derivative of -i**3/3 - 27*i**2/2 - 76*i - 756. Calculate d(-24).
-4
Let r be -2 + (-188)/(-14) + (-140)/(-245). Let l(w) = -10*w + 4*w**3 - 161 + 13*w**2 + 162 - 5*w**3. Determine l(r).
25
Let c(m) be the third derivative of m**5/30 + 9402*m**2. Let a = 1 - 0. Determine c(a).
2
Suppose -6*k - 7*k = -0*k - 13. Let n(c) = 23*c**3 - c**2 + 2*c - 1. Give n(k).
23
Suppose 0 = 3*f + 3*t + 24, f - t + 2 = -10. Let u(b) = b**3 + 10*b**2 - 3. Calculate u(f).
-3
Let q(w) = 4*w - 6. Let n = -85 + 133. Suppose 8*z + n = 20*z. Determine q(z).
10
Let o be (-468)/84 - (-4)/7 - 195. Let a be (-46)/(-8) - 15*(-10)/o. Let w(q) = 2*q - 4. What is w(a)?
6
Let v(k) = 3021 + 0*k**2 + 13*k - k**2 - 3008. What is v(14)?
-1
Let u(l) = -3*l**3 + l**2 - 2*l. Let m = -88 + 93. Suppose 0*p + m*p - 5 = 0. Let z be u(p). Let d(w) = w**3 + 3*w**2 - 5*w - 3. Determine d(z).
1
Let z = 628 + -624. Suppose -7*l = -2*u - 6*l + 24, -5*u = z*l - 47. Let v(j) = j**3 - 10*j**2 - 12*j + 12. What is v(u)?
1
Let v(i) be the third derivative of -i**5/30 + i**4/3 - 2*i**3/3 + 161*i**2. Give v(5).
-14
Let o(q) = -23*q**2 + q**2 + q**2 - 6 + 4*q + 8*q**2. Let k(w) = -2*w**2. Let h(t) = 6*k(t) - o(t). Determine h(5).
11
Let x(k) = 3*k**3 + 10*k**2 + 3*k + 30. Let i(b) = -20 - 18*b**2 + 27*b**2 + 4*b**3 - 16*b**2 - 2*b - 6*b**3. Let q(w) = -7*i(w) - 5*x(w). What is q(0)?
-10
Let o(z) = 3*z**3 + 22*z**2 + 3*z - 16. Let t(j) = 4*j**3 + 24*j**2 + 3*j - 16. Let c(h) = -5*o(h) + 4*t(h). Determine c(14).
-26
Let w(h) = h - 6. Let y be w(4). Let f be ((-15)/5)/(y - 1/(-2)). Suppose 20 - 6 = f*r. Let t(c) = -c**2 + 6*c + 9. Calculate t(r).
2
Let v(s) = 822*s + 546. Let q(o) = 150*o + 109. Let r(n) = 11*q(n) - 2*v(n). Determine r(-17).
5
Let c = -3380 - -3386. Let n(b) = -5*b**3 + b**2 + b - 6. Let o(q) = q**3 - q**2 - q. Let i(t) = -n(t) - 6*o(t). Give i(c).
0
Let w(t) = 8*t - 2. Suppose 0 = -9*v - 54 + 72. Suppose -3*g + 2*n + 6 = -0*n, -5 = -v*g + n. What is w(g)?
30
Suppose 2*l = 3*a - 11, -6*l - 3*a - 7 = -10. Let i(f) be the first derivative of -6*f**2 + f + 3. What is i(l)?
13
Let s(j) = j**3 + 8*j**2 + 6*j - 3. Let c be s(-6). Suppose 4*q - 7 = c. Let f(v) = -v**2 + 12 - 3*v - q + 1. What is f(-6)?
-15
Let d(z) be the second derivative of z**4/3 + 15*z**3/2 - 13*z**2 + 13*z + 2. Determine d(-12).
10
Let d(j) be the second derivative of j**7/2520 + j**6/360 + 11*j**5/120 + 19*j**4/12 + j**3/3 + 89*j. Let l(g) be the third derivative of d(g). What is l(0)?
11
Let n(f) = -f**3 - 2*f**2 + 12*f + 21. Let r be n(-4). Let d(p) = -16*p - 2*p**2 + p**2 + 0 + 3 + r*p + 15*p. What is d(5)?
-2
Let w(h) = h**3 - 6*h**2 - 5*h + 4. Let s(c) = -6*c**3 + 31*c**2 + 26*c - 21. Let u(q) = -2*s(q) - 11*w(q). Let g be u(-3). Let z(i) = -2*i - 1. What is z(g)?
3
Let x(l) = l**3 + 6*l**2 - 6*l + 12. Let u(v) = -13*v + 13*v**2 + v**2 - 5*v**2 + 2*v**3 + 4*v**2 + 25. Let a(o) = -6*u(o) + 11*x(o). What is a(-13)?
-5
Let y(t) = -91 + 39013*t - 39015*t + 103. Calculate y(4).
4
Let f be (121/22)/(-11)*-14. Let s be (-10)/4*180/(-75). Let v(o) = -5*o + 10*o**2 - o**3 + 7*o - s - 3*o**2. Determine v(f).
8
Let o = -611 - -609. Let l(s) = -2*s - 4. Let k(t) = -4*t - 8. Let d(w) = o*k(w) + 5*l(w). Determine d(-3).
2
Let d(b) = 46*b + 101. Let t(x) = -45*x - 101. Let y(m) = -4*d(m) - 3*t(m). Let s be y(-2). Let o(l) = -l - 7. Give o(s).
-4
Let w(f) = -f**2 - 4*f - 2. Let c = -85 + 93. Suppose z = 5*r - 6*r - c, 4*r = z - 12. Determine w(r).
-2
Let j = 202 - 198. Let q(l) = -j*l + 7 - 11*l**3 - 3 + 12*l**3 + 4*l**2 - 2*l. Calculate q(-5).
9
Let h = -8657 + 8668. Let g(u) = -u**2 + 12*u - 19. Give g(h).
-8
Let n(l) = -9*l**3 + 221*l + 2 + 8*l**3 - 224*l + 4*l**2. Let p = 9 - 3. Let j = 9 - p. Give n(j).
2
Let i(t) = t**3 + 19*t**2 + 45*t - 45. Let b be i(-16). Let p(d) = 10*d**b - 7*d**3 + 9*d**2 - 9 - 7*d**3 + 3*d**3. Determine p(9).
-9
Let z(k) = 5*k**2 + 11*k + 2. Suppose b - 5*y = 23 - 14, -b + 7 = -4*y. Give z(b).
-4
Let g(n) = 20*n - 6. Let h(y) be the second derivative of -19*y**3/3 + 7*y**2 + 56*y. Let s(k) = 7*g(k) + 3*h(k). Determine s(-1).
-26
Let s(a) be the second derivative of -278*a + 0 + 1/3*a**3 + 7/2*a**2 - 1/20*a**5 + 1/12*a**4. Calculate s(0).
7
Let f be (4/6)/(6 - (-1440)/(-243)). Let q(o) = 218 - 218 + f*o. Determine q(-1).
-9
Let b(h) = -61*h**2 + 5*h + 3. Suppose 2*x - 2 